1 divide j?
False
Suppose 4*p + 2*k = 250, 3*k + 144 = -4*p + 399. Let t be -305*(-4)/p*3. Suppose 6*s - 385 = -t. Does 9 divide s?
True
Let r be (-3)/2*30/(-9). Let o(s) be the third derivative of s**5/60 - s**4/24 - s**3 - 17*s**2. Is o(r) a multiple of 14?
True
Suppose -10*a + 3505 = 785. Does 17 divide a?
True
Suppose -4*w + 10 = -2. Suppose k = w*t - 329, 0 = -t - 2*k - 0*k + 119. Is 25 a factor of t?
False
Let c(f) = -26 - 3*f - 36 - 16 + 91. Suppose -2*d - 45 = 3*d. Does 20 divide c(d)?
True
Let d = 0 + 0. Suppose -4*y + r + 4 = d, -5 = -5*y - 5*r - 25. Suppose 0 = 4*f - 4, -2*f = -5*h - y + 23. Is 3 a factor of h?
False
Suppose 2*n = -l + 350, -13*n + 8*n + 5*l = -860. Is n a multiple of 58?
True
Let t(o) = -o**3 - 4*o**2 - 2*o - 3. Let q be t(-3). Let w = q + 12. Does 3 divide w?
True
Suppose 0 = 3*b - 4*r - 4179, 2*b - 3*r - 2151 = 635. Does 15 divide b?
False
Suppose -3*z + 471 = 4*i, -9*i - 2*z - 332 = -12*i. Does 38 divide i?
True
Suppose -3*s + 2*n = 2, 2*n - 4 = -5*s - 2*n. Suppose 5*p - 2*b - 22 = 3*p, s = 5*p - 4*b - 51. Is p a multiple of 6?
False
Does 45 divide -6*4/12 + 508?
False
Let d(j) = -j + 148. Let c be d(0). Suppose 3*o - 192 - 66 = 0. Suppose -3*h + o = -c. Is 13 a factor of h?
True
Does 76 divide (3736/(-10))/(4 - (-66)/(-15))?
False
Suppose -c - 4*i + 6 = -4*c, -5*c + 2*i = -4. Suppose -4*t = -c*t + 22. Is 7 a factor of (-1 - 1)/(t/66)?
False
Let n(j) = -j**3 - 24*j**2 - 23*j + 33. Does 18 divide n(-23)?
False
Let q(o) = o**3 + 6*o**2 - 2*o + 6. Let x be q(-8). Let n be (2523/(-15) - -2) + (-1)/(-5). Let f = x - n. Is f a multiple of 29?
False
Let b(j) = 10*j**2 - 7*j**3 - 4*j + 6 + 6*j**3 - 2*j. Does 11 divide b(4)?
False
Suppose 0 = 10*s + 251 - 1821. Let r = s - 55. Is 11 a factor of r?
False
Let m = -17 - -21. Suppose -49 = -a + f, m*a + 5*f - 217 = 2*f. Is 13 a factor of a?
True
Suppose 0 = -3*v + 6, 2707 = -0*q + 3*q + 5*v. Is 25 a factor of q?
False
Suppose 0 = 59*w - 3934 - 137. Is 3 a factor of w?
True
Let q(a) = -a**3 - 8*a**2 + 14*a + 13. Let n = -31 + 22. Let j be q(n). Let k = 38 + j. Does 6 divide k?
True
Suppose -4*f - 133 = -1017. Is f a multiple of 13?
True
Let w be 322 - (0 - 2 - 1)*1. Suppose 7*k - 1088 + w = 0. Does 34 divide k?
False
Let p = 3 + 1. Suppose 0 = -4*q - p*d + 96, -5*q + 5*d + 7 = -103. Suppose 38 = 2*u - 2*j, 5*u - q = 3*j + 72. Is 4 a factor of u?
False
Let s = 25 + -157. Let v = 290 + s. Is v a multiple of 28?
False
Suppose -6 = 3*v, 0 = 5*o + 9*v - 5*v - 8227. Does 36 divide o?
False
Suppose 12*l = l - 6347. Is 6/(-24) - l/4 a multiple of 24?
True
Let r(s) = 34*s**2 - 4*s + 5. Does 20 divide r(2)?
False
Suppose -111 + 63 = -6*y. Is 20 a factor of ((-62)/3)/((y/(-3))/4)?
False
Let m = 1060 + -711. Is 6 a factor of m?
False
Let u be 30/(30/(-5))*-1. Suppose -152 = -p + u*r, 4*p = r - 6*r + 658. Is 8 a factor of p?
False
Suppose 7*r - 1828 = 4*r + 2*k, 0 = -2*r - 5*k + 1187. Is 81 a factor of r?
False
Suppose 4*u - 4 + 0 = 0, -5*x + 597 = -3*u. Is x a multiple of 4?
True
Let h = 524 + -77. Suppose -o + h = 2*o. Suppose 3*i = m - 2*m + o, 2*m + 2 = 0. Is i a multiple of 10?
True
Let v = 36 + -31. Suppose -5*r - 2 = -3*m + v, -3*r - 11 = 5*m. Is ((-10)/(-5))/(m/(-2)) a multiple of 4?
True
Let o be 2074/7 - 4/14. Let m = -2381 - -2386. Suppose m*i = i + o. Is 29 a factor of i?
False
Let b(m) = -m**3 - 4*m**2 - 4*m - 2*m + 3*m. Does 4 divide b(-4)?
True
Does 43 divide (-11866)/(-6) + 63/189?
True
Suppose -5*v = -2*z + 12, -3*v - v = 3*z + 5. Let d be (-2 - 2)*z*-3. Does 6 divide (d/(-24))/((-1)/12)?
True
Let g(y) = 42*y + 6. Does 24 divide g(9)?
True
Let d = -1284 + 2253. Is d a multiple of 51?
True
Suppose -61*x - 1932 = -84*x. Is 20 a factor of x?
False
Does 39 divide -3*(4 + -8 - (479 + -2))?
True
Let d be (15/(-9) - -2)*0. Let y be (d + 2)/((-1)/(-3)). Suppose 3*h - 18 = -v, -y*h = -4*v - 2*h + 136. Does 10 divide v?
True
Let x = -334 - -394. Is 15 a factor of x?
True
Let r(j) = 2*j**2 + 4*j - 1. Let n be r(-3). Let s = 9 - n. Is 0 - -14 - (-2 + s) a multiple of 6?
True
Suppose 0 = -5*j - s + 826, s = -4*j + 5*s + 656. Is j a multiple of 11?
True
Suppose -3*a - 39 = -4*u + 24, 0 = u - 2*a - 17. Is (-3 + -108)*(-10)/u a multiple of 37?
True
Suppose 2*v - 3*v = -344. Does 20 divide v?
False
Suppose -3*p + p = 4*n - 500, 4*p = 3*n + 967. Is 16 a factor of p?
False
Does 70 divide (3 + -470)/(3/(-3))?
False
Suppose 0 = -2*j + 4*o + 44, -3*j + 2*j - 3*o = -17. Let h = j + -4. Is 16 a factor of h?
True
Let p(o) = -o**2 - 12*o - 26. Let a be 344/(-44) + 2/(-11). Is 2 a factor of p(a)?
True
Let q = 28 - 4. Let t(f) = -f**2 + q - 3*f + 2*f + 0*f. Is 15 a factor of t(0)?
False
Let o = -62 + 96. Is 20 a factor of 0 + -3 + o + -3?
False
Is (-1151 + -7 + 8)/(-2) a multiple of 11?
False
Suppose 7*d + 169 = 8*d. Suppose -3*x - d = -517. Is 29 a factor of x?
True
Let m = 38 - 30. Suppose -5*z = 2*r - 82, -3*r - 102 = 3*z - m*z. Is 9 a factor of z?
True
Let l = -300 + 828. Suppose n - 7*n = -l. Does 11 divide n?
True
Suppose 3*v = -f - 2*v, 17 = -4*f - 3*v. Let c(i) = -42*i**3 - 7*i + 6. Let h(t) = 41*t**3 + 8*t - 7. Let r(g) = f*h(g) - 6*c(g). Is r(1) a multiple of 12?
True
Let u be ((-84)/35)/(2/(-255)). Is u/((5 + 5)/5) a multiple of 17?
True
Suppose -4*y = -2*k + 122, -89 = -2*k - 5*y + 69. Is k a multiple of 4?
False
Let k(s) = s**3 - 11*s**2 + 8*s + 2. Let c be k(10). Is 18 a factor of (c/5)/(7/(-175))?
True
Suppose -5*r = 2*g - 4086, -2*g + 2445 = 3*r - 3*g. Is r a multiple of 17?
True
Let l(o) = 1 + 8*o**2 + 1 + 3 - 2 + o**3. Let z be l(-8). Is (-1 - -65)/(z - 1) a multiple of 8?
True
Let m be 162/21 - 4/(-14). Does 6 divide (48/m)/((-22)/28 + 1)?
False
Suppose 3*s = 9, 3*w - 2*w - 1983 = -s. Does 44 divide w?
True
Suppose 164*v + 36461 = 183*v. Is 57 a factor of v?
False
Let u(s) = 2*s**2 - 6*s + 9. Let m be u(2). Suppose q = -m*b + 51, -3*q - 67 = 5*b - 200. Does 11 divide q?
False
Suppose 0*v = 3*h + v + 17, -37 = 3*h - 4*v. Does 2 divide 89/7 + (-2)/h?
False
Let g(b) = -b**3 - 7*b**2 - 10. Let i be g(-7). Let h = 14 + i. Suppose 4*u - 3*z - 353 = 2*z, -h*z = 2*u - 170. Is 29 a factor of u?
True
Let g(t) = -3*t + 3*t + 51*t**2 + 21 - 50*t**2 + 6*t. Does 16 divide g(7)?
True
Let r = 33 + -81. Is ((-15)/(-4))/(r/(-640)) a multiple of 15?
False
Let y be (-2)/(-6) + (-208)/(-24). Let h = y + -10. Does 14 divide 1/h + (-184)/(-8)?
False
Suppose l - 3*l = -4. Suppose l*p - 2*s = 3*s + 41, 44 = 2*p - 4*s. Is 14 a factor of p?
True
Let a = 116 + -65. Suppose -w + 4 - 1 = 0. Suppose -2*t - t = 4*k - a, 0 = -w*t + 15. Is k a multiple of 9?
True
Let z(a) = -3*a**2 + 6*a - 1. Let m be z(3). Let j be (24/m)/(28/(-70)). Is 16 a factor of (-6 + -2)/((-1)/j)?
True
Let u(f) = 53*f - 4. Suppose -7 = -4*w - 3*w. Is 21 a factor of u(w)?
False
Suppose 12 = 6*x - 2*x. Suppose 16 - x = a. Does 13 divide a?
True
Let s(j) = -j**3 + 5*j**2 - 4*j + 4. Let z be s(4). Let w be (-4)/((-345)/85 + z). Is 18 a factor of w - (0 + (-2 - -6))?
False
Suppose 82 = 16*l - 14. Does 3 divide l?
True
Let z = 215 + -105. Suppose 3*n + 5*p = z, n - 2*n + 39 = 4*p. Does 15 divide n?
False
Let w = 1306 - 1274. Does 2 divide w?
True
Let g be ((-2)/(-4))/((-2)/(-136)). Suppose -28 + 76 = 12*z. Suppose 2*k = l + z*k - 12, 3*l - g = -5*k. Is l a multiple of 4?
True
Let w(v) = -5*v**3 + v**2. Let r be w(-1). Suppose 3*u = -u + 820. Suppose q = r*q - u. Is 11 a factor of q?
False
Let s(l) = -3 + 5 + 1 + 18*l. Let m be s(-2). Let u = -22 - m. Is 3 a factor of u?
False
Let o = -5 + 3. Let f be o + (-1 - -7) - -1. Suppose f*i + 153 = 8*i. Is 17 a factor of i?
True
Let j(d) = 275*d**2 + 3*d + 3. Does 39 divide j(-1)?
False
Let d(u) = -4*u + 0*u - u + 4*u. Let q be d(-4). Suppose 2*j + q*w = 42, 2*j - w = j + 27. Is j a multiple of 5?
True
Let b(s) = 35*s - 33*s + s**3 + 54 + 164 - s**2. Does 11 divide b(0)?
False
Let h(q) = q**2 - 5*q + 2. Let j be h(8). Suppose 0 = o - j - 2. Let i = o - 11. Is i a multiple of 17?
True
Suppose -508 = -3*h - h. Suppose -5*n - 7 + h = 0. Does 6 divide n?
True
Is 48 a factor of ((-2216)/10)/((-2)/5)?
False
Let d(h) = -367*h - 9 + 368*h + 20. Let r(f) = f**2 - 4*f + 7. Let x be r(5). Is d(x) a multiple of 15?
False
Let o(y) = y - 27. Let w(c) = 2*c + 2. Let u be w(-1). Let j be o(u). Does 15 divide (-178)